{"id":126,"date":"2013-07-13T20:00:25","date_gmt":"2013-07-13T20:00:25","guid":{"rendered":"http:\/\/mayracanolaw.com\/?page_id=126"},"modified":"2016-11-15T20:20:51","modified_gmt":"2016-11-15T20:20:51","slug":"como-encontrar-un-abogado","status":"publish","type":"page","link":"https:\/\/mayracanolaw.com\/espanol\/resources\/como-encontrar-un-abogado\/","title":{"rendered":"Como Encontrar Un Abogado"},"content":{"rendered":"<p><span style=\"font-weight: 400;\">No se le requiere tener una capa cuando solicite una visa de inmigrante o una tarjeta verde en los Estados Unidos o en el extranjero. Sin embargo, hay muchas veces cuando usted puede necesitar o quiere la ayuda de un abogado. Usted puede evitar algunos problemas al contratar a un abogado desde el principio. <\/span><\/p>\n<p><span style=\"text-decoration: underline;\"><span style=\"font-weight: 400;\"> \u00bfCu\u00e1ndo necesita un abogado? \u00a0<\/span><\/span><\/p>\n<p><span style=\"font-weight: 400;\">El problema legal m\u00e1s com\u00fan que enfrentan los aspirantes e inmigrantes es la reclamaci\u00f3n de los Servicios de Inmigraci\u00f3n y Ciudadan\u00eda de los Estados Unidos (USCIS, por sus siglas en ingl\u00e9s) de que no est\u00e1n permitidos por una o m\u00e1s razones, como haber cometido un crimen o haber mentido anteriormente al gobierno de los Estados Unidos. Si alguno de estos motivos aplica para usted, obtenga ayuda legal antes de comenzar el proceso de solicitud. \u00a0<\/span><\/p>\n<p><span style=\"text-decoration: underline;\"><span style=\"font-weight: 400;\">NO-abogados (Notarios) que practican la ley de inmigraci\u00f3n <\/span><\/span><\/p>\n<ul>\n<ul>\n<li><span style=\"font-weight: 400;\"> CUALQUIER y todos los formularios presentados con el prop\u00f3sito de obtener cualquier tipo de beneficio de inmigraci\u00f3n (visa, green card, exenci\u00f3n, ciudadan\u00eda, etc) pueden tener consecuencias de inmigraci\u00f3n para el resto de su vida. No se trata s\u00f3lo de formularios. <\/span><\/li>\n<li><span style=\"font-weight: 400;\">Aseg\u00farese de consultar s\u00f3lo con un abogado o un representante acreditado en una organizaci\u00f3n acreditada. No tenga miedo de preguntar acerca de las calificaciones de la persona.<\/span><\/li>\n<li><span style=\"font-weight: 400;\">Notario p\u00fablico, consultores de inmigraci\u00f3n, y otros con nombres de fantas\u00eda no tienen t\u00edtulos de derecho y no est\u00e1n calificados para ayudarle. <\/span><\/li>\n<li><span style=\"font-weight: 400;\">Advertencias de FTC y USCIS sobre estafas de inmigraci\u00f3n FTC <\/span>\n<ul>\n<li><span style=\"font-weight: 400;\">FTC Estafas contra los inmigrantes <\/span><\/li>\n<li><span style=\"font-weight: 400;\">USCIS C\u00f3mo evitar estafas <\/span><\/li>\n<li><span style=\"font-weight: 400;\">Folleto del USCIS en ingl\u00e9s <\/span><\/li>\n<\/ul>\n<\/li>\n<\/ul>\n<\/ul>\n<p><strong>D\u00f3nde se puede obtener los nombres de los abogados de inmigraci\u00f3n buenos \u00a0<\/strong><\/p>\n<p><span style=\"font-weight: 400;\">Encontrar un abogado debe implicar una cantidad justa de trabajo. \u00a0<\/span><span style=\"font-weight: 400;\">No es aconsejable escoger el primer nombre del libro o el que tenga el anuncio m\u00e1s grande. \u00a0<\/span><\/p>\n<ul>\n<li><span style=\"font-weight: 400;\">Pregunte a un amigo- Es mucho mejor preguntar a una persona de confianza para una remisi\u00f3n. <\/span><\/li>\n<li><span style=\"font-weight: 400;\">Las organizaciones locales sin fines de lucro que sirven a los inmigrantes tambi\u00e9n pueden ser excelentes fuentes para referencias. <\/span><\/li>\n<li><span style=\"font-weight: 400;\">USCIS ofrece una lista de &#8220;proveedores de servicios legales gratuitos&#8221; en su sitio web, www.uscis.gov (haga clic en &#8220;recursos&#8221;, luego en &#8220;b\u00fasqueda de asesoramiento legal&#8221; y, a continuaci\u00f3n, en &#8220;proveedores de servicios legales gratuitos.&#8221;) Esta lista incluye tanto abogados como organizaciones sin fines de lucro. <\/span><\/li>\n<li><span style=\"font-weight: 400;\">La Asociaci\u00f3n Americana de Abogados de Inmigraci\u00f3n (AILA) al 800-954-0254 o en www.aila.org. AILA ofrece un servicio de referencia de abogados. <\/span><\/li>\n<\/ul>\n<p><span style=\"font-weight: 400;\"><span style=\"text-decoration: underline;\">C\u00f3mo evitar abogados de mala calidad \u00a0Hay buenos y malos abogados de inmigraci\u00f3n por ah\u00ed.<\/span> <\/span><\/p>\n<p><span style=\"font-weight: 400;\">Algunas se\u00f1ales a tener en cuenta son \u00a0<\/span><\/p>\n<ul>\n<li><span style=\"font-weight: 400;\">El abogado hace grandes promesas, como &#8220;Yo te garantizo que ganar\u00e9 tu caso&#8221; o &#8220;Tengo un contrato especial que pondr\u00e1 tu solicitud al frente de la l\u00ednea&#8221;. Cualquier abogado que dice que puede ponerle en el frente de la l\u00ednea est\u00e1 mintiendo. <\/span><\/li>\n<li><span style=\"font-weight: 400;\">No se deje enga\u00f1ar por las apariencias. Una oficina de fantas\u00eda y joyer\u00eda llamativa no significa que este abogado tenga \u00e9xito.<\/span><\/li>\n<li><span style=\"font-weight: 400;\">El abogado le anima a mentir en su solicitud. Un buen abogado puede ayudarle a discriminar entre la informaci\u00f3n que no desea ofrecer libremente y puede ayudarle a presentar la verdad en la mejor luz. USCIS generalmente conoce a los buenos abogados y los malos abogados y examinar\u00e1 las solicitudes de los malos abogados. <\/span><\/li>\n<\/ul>\n<p><span style=\"text-decoration: underline;\"><span style=\"font-weight: 400;\">Elegir a su abogado <\/span><\/span><\/p>\n<ul>\n<ul>\n<li><span style=\"font-weight: 400;\">Tener una lista corta de abogados y hablar con cada uno. <\/span><\/li>\n<li><span style=\"font-weight: 400;\">Pregunte si est\u00e1n familiarizados con casos como el suyo. <\/span><\/li>\n<li><span style=\"font-weight: 400;\">Un abogado educado puede ser m\u00e1s beneficioso con los funcionarios de inmigraci\u00f3n que un abogado \u00a0agresivo y por lo tanto, puede ser mejor para su caso .<\/span><\/li>\n<li><span style=\"font-weight: 400;\">Abogados que devuelven sus llamadas dentro de 24 horas y que est\u00e1n disponibles para responder a las preguntas leg\u00edtimas Un abogado que discute un contrato de retenci\u00f3n el contrato de servicios a ser proporcionado <\/span><\/li>\n<li><span style=\"font-weight: 400;\">MATR\u00cdCULA: <\/span>\n<ul>\n<li><span style=\"font-weight: 400;\">Es mejor pagar una tarifa por hora que pagar una cuota fija &#8211; esto le da al abogado m\u00e1s incentivo para gastar tiempo en su caso. Tambi\u00e9n le da al cliente la capacidad de parar el trabajo cuando la tarifa alcanza un cierto l\u00edmite. <\/span><\/li>\n<li><span style=\"font-weight: 400;\">Los costos adicionales asociados con su aplicaci\u00f3n, como fotocopias, llamadas telef\u00f3nicas, gastos de env\u00edo, gastos de presentaci\u00f3n y viajes, generalmente se cobran por separado. Esto es apropiado. <\/span><\/li>\n<li><span style=\"font-weight: 400;\">Se deben cargar tarifas razonables. <\/span><\/li>\n<li><span style=\"font-weight: 400;\">Un abogado puede cobrar intereses si no paga su cuota a tiempo. <\/span><\/li>\n<li><span style=\"font-weight: 400;\">Si tiene problemas para realizar un pago o necesita m\u00e1s tiempo, llame o escriba a su abogado para que le hable. NINGUNA GARANT\u00cdA. <\/span><\/li>\n<li><span style=\"font-weight: 400;\">No es una excusa, es la cosa responsable para el abogado decirle porque la agencia del gobierno o el juez toma la decisi\u00f3n \u00faltima en el caso y se basa a menudo en un ejercicio de discreci\u00f3n. <\/span><\/li>\n<\/ul>\n<\/li>\n<\/ul>\n<\/ul>\n<p><span style=\"text-decoration: underline;\"><span style=\"font-weight: 400;\">Sus responsabilidades con su abogado<\/span><\/span><\/p>\n<ul>\n<li><span style=\"font-weight: 400;\">Un abogado puede ayudarle mejor si usted es honesto con ellos. <\/span><\/li>\n<li><span style=\"font-weight: 400;\">Diga la verdad. Incluso durante una consulta inicial un abogado tiene el deber de mantener su informaci\u00f3n confidencial por lo que no tiene que preocuparse de que el abogado vaya a divulgar su informaci\u00f3n privada. Usted debe proporcionar a su abogado la documentaci\u00f3n que le solicita con prontitud.<\/span><\/li>\n<\/ul>\n<p><span style=\"font-weight: 400;\"><span style=\"text-decoration: underline;\">Responsabilidades de su abogado con usted<\/span> \u00a0<\/span><\/p>\n<ul>\n<li><span style=\"font-weight: 400;\">Deber de trabajar con diligencia y competencia <\/span><\/li>\n<li><span style=\"font-weight: 400;\">Devolver las llamadas telef\u00f3nicas dentro de un plazo razonable <\/span><\/li>\n<li><span style=\"font-weight: 400;\">Mantenerle evaluado de su asunto <\/span><\/li>\n<li><span style=\"font-weight: 400;\">Darle una copia de su archivo si lo solicita <\/span><\/li>\n<\/ul>\n<p><span style=\"font-weight: 400;\"><span style=\"text-decoration: underline;\">Pagar a su abogado \u00a0Puede haber una cuota de consulta inicial.<\/span> <\/span><\/p>\n<ul>\n<li><span style=\"font-weight: 400;\">Algunos abogados ofrecen consultas gratuitas, pero muchos han encontrado que no pueden permitirse el lujo de pasar mucho tiempo dando consultas gratuitas porque si la persona no tiene una visa o un remedio a su disposici\u00f3n, entonces el abogado no recibe trabajo despu\u00e9s de la consulta inicial. <\/span><\/li>\n<li><span style=\"font-weight: 400;\">Est\u00e9 listo para pagar una tarifa razonable por su consulta inicial. <\/span><\/li>\n<li><span style=\"font-weight: 400;\">Muchos abogados cobran tarifas planas, lo que significa que usted puede comparar precios <\/span><\/li>\n<li><span style=\"font-weight: 400;\">Muchos abogados cobran por hora. Usted debe esperar pagar entre $ 150 y $ 350 por hora <\/span><\/li>\n<li><span style=\"font-weight: 400;\">Una tasa m\u00e1s alta no significa NECESARIAMENTE un mejor abogado <\/span><\/li>\n<li><span style=\"font-weight: 400;\">Los abogados por lo general requieren que usted pague una cuota de retenci\u00f3n por adelantado antes de comenzar a trabajar en su asunto. <\/span><\/li>\n<li><span style=\"font-weight: 400;\">Advertencia &#8211; mientras que la mayor\u00eda de los abogados le vender\u00e1n consejos sobre una base horaria, la mayor\u00eda no aceptar\u00e1n representarle en una entrevista de USCIS si no fueron contratados para revisar los formularios y documentos antes de enviarlos. Esto es porque no quieren estar atascados limpiando lo que hiciste mal. <\/span><\/li>\n<li><span style=\"font-weight: 400;\">Tambi\u00e9n puede buscar una organizaci\u00f3n sin fines de lucro que cobra tarifas reducidas. Pero tenga en cuenta que las organizaciones dependen de fondos privados para mantener sus costos bajos. <\/span><\/li>\n<li><span style=\"font-weight: 400;\">Como resultado, muchos est\u00e1n muy poco financiados y pueden pedirle que espere mucho tiempo o no pueda tomar su caso en absoluto.<\/span><\/li>\n<\/ul>\n<p><span style=\"text-decoration: underline;\"><span style=\"font-weight: 400;\">Despido de su abogado \u00a0<\/span><\/span><\/p>\n<ul>\n<li><span style=\"font-weight: 400;\">Puedes despedir a tu abogado, pero antes de hacerlo <\/span><\/li>\n<li><span style=\"font-weight: 400;\">Aseg\u00farese de que la raz\u00f3n por la que lo despida es leg\u00edtima. <\/span><\/li>\n<li><span style=\"font-weight: 400;\">Mucha gente culpa a su abogado de los retrasos que estan fuera de su control y son causados por la acumulaci\u00f3n de casos del gobierno. <\/span><\/li>\n<li><span style=\"font-weight: 400;\">Antes de despedir a su abogado, puede consultar a otro abogado para ver si su asunto ha sido mal manejado. <\/span><\/li>\n<li><span style=\"font-weight: 400;\">Usted todav\u00eda tendr\u00e1 que pagar al abogado por cualquier trabajo ya hecho en el asunto. Si pag\u00f3 una tarifa fija, el abogado puede mantener una porci\u00f3n para cubrir el trabajo ya hecho a una tarifa por hora. <\/span><\/li>\n<li><span style=\"font-weight: 400;\">Pida una lista completa del tiempo gastado en su caso y descripci\u00f3n del trabajo realizado en ese tiempo. <\/span><\/li>\n<li><span style=\"font-weight: 400;\">Una vez que usted despide a su abogado, usted debe notificar a la agencia del gobierno que maneja su caso.<\/span><\/li>\n<\/ul>\n","protected":false},"excerpt":{"rendered":"<p>No se le requiere tener una capa cuando solicite una visa de inmigrante o una tarjeta verde en los Estados Unidos o en el extranjero. Sin [&hellip;]<\/p>\n","protected":false},"author":1,"featured_media":0,"parent":106,"menu_order":0,"comment_status":"closed","ping_status":"open","template":"","meta":{"footnotes":""},"class_list":["post-126","page","type-page","status-publish","hentry"],"_links":{"self":[{"href":"https:\/\/mayracanolaw.com\/espanol\/wp-json\/wp\/v2\/pages\/126","targetHints":{"allow":["GET"]}}],"collection":[{"href":"https:\/\/mayracanolaw.com\/espanol\/wp-json\/wp\/v2\/pages"}],"about":[{"href":"https:\/\/mayracanolaw.com\/espanol\/wp-json\/wp\/v2\/types\/page"}],"author":[{"embeddable":true,"href":"https:\/\/mayracanolaw.com\/espanol\/wp-json\/wp\/v2\/users\/1"}],"replies":[{"embeddable":true,"href":"https:\/\/mayracanolaw.com\/espanol\/wp-json\/wp\/v2\/comments?post=126"}],"version-history":[{"count":2,"href":"https:\/\/mayracanolaw.com\/espanol\/wp-json\/wp\/v2\/pages\/126\/revisions"}],"predecessor-version":[{"id":547,"href":"https:\/\/mayracanolaw.com\/espanol\/wp-json\/wp\/v2\/pages\/126\/revisions\/547"}],"up":[{"embeddable":true,"href":"https:\/\/mayracanolaw.com\/espanol\/wp-json\/wp\/v2\/pages\/106"}],"wp:attachment":[{"href":"https:\/\/mayracanolaw.com\/espanol\/wp-json\/wp\/v2\/media?parent=126"}],"curies":[{"name":"wp","href":"https:\/\/api.w.org\/{rel}","templated":true}]}}